u. List the prime factors of x.
2, 3, 23
Let u(a) = -55*a**3 - 3*a**2 + 3*a + 2. Let c be u(2). Let v be 39/(-2) - (-4)/(-8). What are the prime factors of v/50 + c/(-10)?
2, 11
Let n be (-39)/((-7)/4 + 6/24). Let m = n + -8. List the prime factors of m.
2, 3
Suppose 3*y = -4*i + 1679, 2*y = -i + 2*i - 428. What are the prime factors of i?
2, 211
Let b be 1/(-7) - (-1)/(21/297). Let o(p) = -p**2 + 26*p + 61. What are the prime factors of o(b)?
229
Let w = -723 + 1271. List the prime factors of w.
2, 137
Suppose -3*c + 423 + 909 = 0. What are the prime factors of c?
2, 3, 37
Suppose 3*o - 5 = 1. List the prime factors of 1085/15 - (-1)/3*o.
73
Let p = -5 + 2. Let f(h) = -3*h**3 + h**2 + 7*h + 3. Let v(y) = y**3 - y**2 - 4*y - 1. Let t(k) = 2*f(k) + 4*v(k). What are the prime factors of t(p)?
2, 11
Suppose 317 = -3*h + 959. List the prime factors of h.
2, 107
Suppose 641 = 5*y - 2*n + 160, -479 = -5*y + 3*n. Suppose 3*i - 4*f + 101 = -93, -335 = 5*i + 5*f. Let t = y + i. What are the prime factors of t?
31
Suppose -6*l = -947 - 427. List the prime factors of l - (16/(-24) + 8/3).
227
Let w = 530 + -331. Suppose j + w = 2*j - 3*f, 3*f + 947 = 5*j. List the prime factors of j.
11, 17
Suppose -2*n = -4*x - 23 + 7, 3*x = -12. Suppose 3*t - 7*t + 108 = n. What are the prime factors of t?
3
Suppose -s - 5 = -3. Suppose 15 = 4*q - 21. List the prime factors of (s + 9/3)*q.
3
Let c = 9 + -13. Let o = 39 - c. List the prime factors of o.
43
Suppose -3*v = -1 - 5. Suppose v*p - 30 = 5*g, 0 = 5*p - 0*p. What are the prime factors of 51/6 + 3/g?
2
Let w(k) be the second derivative of k**5/20 + 5*k**4/6 - 4*k**3/3 - 11*k**2/2 - 30*k. What are the prime factors of w(-10)?
3, 23
Let w(d) = -88*d**3 - d**2 - 2*d - 1. Suppose -3 = -10*s + 13*s. List the prime factors of w(s).
2, 11
Let a(g) = 29*g**2 - 13*g - 44. What are the prime factors of a(-6)?
2, 7, 11
Let m(v) = -v**3 + 9*v**2 + 14*v - 23. Let j be m(10). Let u(s) = 6*s + 22. What are the prime factors of u(j)?
2, 31
Let w(v) = 2*v**2 + 21*v - 11. Let p be 0 + -8 + (-26)/13. Let y be w(p). List the prime factors of (y/12)/(7/(-140)).
5, 7
Let z(i) = i**2 + 24*i + 2. Let l be z(-24). Suppose 0 = 4*d - 4*q - 576, -3*d = l*q + 141 - 553. List the prime factors of d.
2, 5, 7
Let q be (10/(-15))/((-8)/252). Let h(g) = 8*g - 57. List the prime factors of h(q).
3, 37
Suppose 0 = -4*w - 2857 + 7941. What are the prime factors of w?
31, 41
Suppose 12 = -2*s - 126. Let v = 169 + s. List the prime factors of v.
2, 5
Let p(r) = -3*r + 1. Let b = 0 - 2. Let k be p(b). Suppose -h + 5*d + 8 = -k, -4*h + 75 = -5*d. List the prime factors of h.
2, 5
Let x(h) = -h**3 - 6*h**2 - 9*h - 2. Let v be x(-4). Let f = -2 - v. List the prime factors of 3*(-5 - f) + 10.
7
Let t = 29 - -517. What are the prime factors of t?
2, 3, 7, 13
Let g be ((-9)/2)/(15/(-40)). Let b = g - 8. Let k = 1 + b. What are the prime factors of k?
5
List the prime factors of (9/(27/(-1866)))/(7/(-14)).
2, 311
Let c = 13 + -12. Let i(s) = -23*s - c + 10*s + 5*s + 7*s + 27*s**2. What are the prime factors of i(-1)?
3
List the prime factors of -1 + 0 + (-17)/(17/(-1995)).
2, 997
Suppose -19*l = -2*z - 16*l + 3457, 5*l = -15. List the prime factors of z.
2, 431
Suppose -w + 3*a = 4*w - 20, a = 0. Let q be 4/(16/876)*w. List the prime factors of q/14 - 6/(-14).
3, 7
Let f(d) = d**3 + 9*d**2 + 10*d + 15. Let m be f(-7). Suppose 0 = -4*r + 113 + m. List the prime factors of r.
3, 13
Let k = 1183 + -211. List the prime factors of k.
2, 3
Let n(i) = 2*i**3 - 8*i**2 - 10*i + 4. List the prime factors of n(7).
2, 3, 19
Suppose -5*u + 1590 = 5*s, -4*s = u + 4*u - 1592. List the prime factors of u.
2, 5
Let r(k) = 2*k**3 - 6*k**2 + 6*k - 1. Suppose -4*g - 4*d = -36, -2*g - 4*d + 23 = -d. Let z be r(g). Let t = z + -13. What are the prime factors of t?
2, 3, 7
Let s(u) = 13*u + 2. Let d(a) = -1. Let f(w) = 2*d(w) - s(w). Let g(x) = 13*x + 5. Let b(c) = 5*f(c) + 4*g(c). List the prime factors of b(-1).
13
Let d = -110 - -107. What are the prime factors of 1588/18 + 12/162*d?
2, 11
Let s(t) = t**3 + 26. Suppose 20 = 2*l - 7*l. Let k be (l/(-8) + 0)*0. List the prime factors of s(k).
2, 13
Let t be (1/(-3))/(6/(-252)). Suppose 5*h + 2*i = 8, -t + 7 = -5*h - 3*i. Suppose 2*q - j - 21 = 0, h*q + 3*j = j + 36. What are the prime factors of q?
13
Let x(u) = -5 - 4 + 26 + 23*u - u**2. What are the prime factors of x(22)?
3, 13
Let i = 3899 + -2300. What are the prime factors of i?
3, 13, 41
Let a(g) be the third derivative of -g**6/60 + g**5/12 + 7*g**4/12 + 15*g**2. What are the prime factors of a(-4)?
2, 19
Let m = -2064 + 3023. List the prime factors of m.
7, 137
Suppose 3*t - 3*b - 1449 = 0, -6*t + 2*t - b = -1937. What are the prime factors of t?
2, 11
Let k = -1212 - -2659. List the prime factors of k.
1447
Let i be 4/2*1 + 1. Suppose 30*v - 31*v + 7 = 0. Suppose 112 - v = i*c. What are the prime factors of c?
5, 7
Suppose 285*w = 286*w - 1272. List the prime factors of w.
2, 3, 53
Suppose f - 17 = -3*i, -11 = 2*i - 6*i + f. Suppose 4*q - 288 = -i*j, 4*j - 15 = -j. What are the prime factors of q?
3, 23
Suppose 195*h + 66368 = 211*h. What are the prime factors of h?
2, 17, 61
Let u be (4/14 - 26/(-56))*4. Suppose 0 = 5*v + 5*k - 215 - 1255, -278 = -v + u*k. List the prime factors of v.
2, 5, 29
Let i = -71 + 74. Let r(g) = g + 1. Let d be r(-1). Suppose d*n = i*n - 33. List the prime factors of n.
11
Let k(u) = 8*u - 41. List the prime factors of k(36).
13, 19
Let t(m) = m**3 - 9*m**2 + 4*m + 8. Let l be t(8). Suppose -2*q + 4*w - 54 = 42, q - 5*w = -60. Let z = l - q. What are the prime factors of z?
2
Let k be ((-48)/(-4))/((-42)/9 + 4). Let o(z) = -8*z + 36. List the prime factors of o(k).
2, 3, 5
Suppose -k + 390 = -867. What are the prime factors of k?
3, 419
Suppose 20 = -18*c + 23*c. Suppose 3 = 5*d + 8, 0 = -2*z - c*d + 142. List the prime factors of z.
73
Suppose -5*f = -5*j + 3*j + 25, 4*f - 3 = -3*j. Suppose -5*p + 5*s = -95, -j*p + 2*s = -0*s - 95. Suppose -21 - p = -n. What are the prime factors of n?
2, 5
Let g be -2 - (0 - (3 + 0)). Suppose -4*f = f + 10. List the prime factors of g*37/(f + 3).
37
Let k = -2043 + 2478. List the prime factors of k.
3, 5, 29
Suppose 325 = 3*d + 2*d. Let i = d - 40. Suppose -4*v + i = -43. What are the prime factors of v?
17
What are the prime factors of (3 + -9)*(-1 + -7)?
2, 3
Let c(h) = 24*h**3 - 4*h**2 - 6*h + 16. List the prime factors of c(5).
2, 3, 13, 37
Suppose -4 = -4*t + 4*h, 19 = 4*t + 2*h - 3*h. Suppose t*a - 20 = 2*a. Suppose 0 = 3*z - 2*v - v - 51, -z + a*v = 3. What are the prime factors of z?
2, 11
Let h = 0 - -6. Let q(c) = 2 + 2 - 4*c + c**2 - h*c. What are the prime factors of q(10)?
2
Suppose 4*p - 2664 = -5*p. List the prime factors of p.
2, 37
Suppose 0 = -576*h + 586*h - 28040. List the prime factors of h.
2, 701
Let f = 545 + -400. List the prime factors of f.
5, 29
Suppose -s = c - 24, -4*c + 0*c - 3*s + 101 = 0. Suppose -b + 2*b - c = 0. List the prime factors of b.
29
Suppose 4*m = -x + 3958, 2*x + 176 - 8083 = -5*m. List the prime factors of x.
2, 1973
Let l be (10/8)/((-4)/(-16)). Suppose -5*j + 349 = 4*u, -l*u = 3*j - 0*j - 420. What are the prime factors of u?
3
Let r(k) = 8*k + 6. Let t be r(11). Let g = -166 + t. Let s = -40 - g. What are the prime factors of s?
2
Suppose -97 = -o - 3*r, r = -4*o - 2*r + 406. List the prime factors of o.
103
Suppose -k + l + 0 + 1 = 0, 2*k - 5*l = 14. Let c be ((-5)/k)/(1/(-51)). Let w = -51 - c. List the prime factors of w.
2, 17
Let l be 1*2*(-125)/(-5). Let s = l - -18. List the prime factors of s.
2, 17
Let m(g) = -17*g**3 + 6*g**2 + 23*g - 5. Let l(v) = 8*v**3 - 3*v**2 - 11*v + 2. Let h(x) = -13*l(x) - 6*m(x). What are the prime factors of h(-3)?
2, 5, 7
Suppose -25*m + 5592 = -10983. List the prime factors of m.
3, 13, 17
Suppose -17*c = -10114 + 3314. What are the prime factors of c?
2, 5
What are the prime factors of 450/(-20)*(0 + (-96)/10)?
2, 3
Let f be ((-5)/(70/(-12)))/(3/14). Suppose -k = 3*o - 558 + 9, 0 = o - f*k - 170. List the prime factors of o.
2, 7, 13
Let d(a) = -a**3 - 9*a**2 - 7*a - 13. Suppose -2*s + 0*s - 18 = 0. List the prime factors of d(s).
2, 5
Let z(f) = -2*f**3 - 4*f**2 + 2*f + 2. Let c be z(2). Let i = -20 - c. Suppose 